actor of 165 and 166623435?
165
What is the highest common factor of 114413579 and 133?
7
What is the greatest common factor of 439 and 1261454647?
439
What is the greatest common factor of 472045296 and 1624?
232
Calculate the greatest common divisor of 6213882 and 1800570.
7662
What is the highest common factor of 25 and 60770200?
25
What is the greatest common factor of 2057 and 66635393?
187
Calculate the highest common divisor of 2916 and 24944679.
243
What is the greatest common factor of 10417054 and 950?
38
Calculate the greatest common factor of 5000 and 267246250.
1250
What is the greatest common divisor of 4882476 and 52?
4
Calculate the highest common factor of 87 and 3452566.
29
What is the greatest common divisor of 149970 and 7635?
15
Calculate the greatest common divisor of 25564086 and 29808.
3726
What is the greatest common divisor of 5428 and 830254?
46
Calculate the greatest common factor of 5028 and 4294750.
838
Calculate the highest common divisor of 819530 and 4390.
10
What is the greatest common factor of 390763457 and 21?
7
Calculate the greatest common factor of 3381 and 54201.
21
Calculate the highest common divisor of 699 and 57420753.
699
What is the highest common factor of 1421975 and 805?
115
Calculate the highest common factor of 1288422 and 19251.
279
Calculate the highest common divisor of 12348 and 450.
18
What is the greatest common factor of 420264488 and 7672?
7672
What is the highest common divisor of 1037232 and 9217488?
2352
What is the greatest common divisor of 696 and 1330104?
24
What is the greatest common divisor of 20574 and 2706?
6
What is the greatest common factor of 21000 and 42500500?
3500
What is the highest common factor of 5228130 and 330?
30
Calculate the greatest common factor of 257383 and 2795191.
581
What is the highest common divisor of 179331744 and 96?
96
Calculate the highest common factor of 984 and 1348211364.
492
What is the greatest common factor of 7387 and 2121148?
83
What is the highest common factor of 8474 and 145578?
38
Calculate the highest common divisor of 2020 and 204976.
4
What is the greatest common divisor of 805576 and 6476512?
7976
What is the highest common factor of 2033352664 and 1648?
824
What is the highest common divisor of 13288 and 3841816?
88
Calculate the greatest common factor of 130 and 2867345.
65
What is the greatest common divisor of 30844 and 1839424?
2804
What is the highest common factor of 36 and 14609772?
36
What is the highest common factor of 275394 and 369957?
1659
Calculate the highest common divisor of 56941853 and 13542.
2257
What is the highest common factor of 860 and 86862666?
86
Calculate the greatest common factor of 43361844 and 37616.
9404
Calculate the highest common divisor of 532575 and 14550.
75
Calculate the greatest common factor of 13269050 and 50.
50
What is the highest common divisor of 500929 and 1716?
143
Calculate the greatest common factor of 1072 and 885440912.
1072
Calculate the greatest common factor of 995571 and 1479017.
4097
Calculate the greatest common factor of 1798169438 and 37.
37
What is the highest common factor of 2477637 and 53253?
549
Calculate the highest common divisor of 2308 and 11212.
4
What is the greatest common divisor of 4252526 and 2616?
218
Calculate the greatest common factor of 6386185 and 260.
65
What is the highest common divisor of 195620 and 2340?
20
Calculate the highest common divisor of 3 and 11410851.
3
What is the greatest common factor of 42813 and 504?
9
What is the highest common factor of 3555 and 58855?
395
What is the greatest common factor of 2028 and 4779372?
156
Calculate the greatest common divisor of 1181780 and 103045.
185
Calculate the highest common factor of 47388 and 324319164.
4308
What is the highest common factor of 1703388 and 54?
6
What is the highest common factor of 576638 and 2807?
401
Calculate the greatest common divisor of 12462 and 116622.
186
Calculate the greatest common factor of 11440 and 1630629.
143
Calculate the highest common factor of 1618416862 and 23944.
5986
What is the highest common factor of 56376 and 3747546?
486
What is the greatest common factor of 92 and 423859364?
92
What is the highest common divisor of 2176 and 5684936?
136
Calculate the greatest common divisor of 2360 and 14838500.
1180
What is the greatest common factor of 2728 and 1821688?
88
Calculate the greatest common divisor of 10057 and 184319.
89
Calculate the greatest common divisor of 526500 and 1689012.
4212
Calculate the greatest common factor of 2218638 and 603.
201
What is the highest common divisor of 728517 and 7296?
57
Calculate the highest common divisor of 18616 and 42016.
104
Calculate the highest common factor of 423987 and 1269.
141
Calculate the highest common factor of 4395 and 5337.
3
What is the greatest common factor of 26840 and 1685640?
440
What is the highest common divisor of 4746348005 and 13333?
13333
Calculate the greatest common divisor of 629 and 352784.
17
Calculate the greatest common factor of 3777 and 555.
3
Calculate the highest common factor of 99550 and 237050.
550
What is the highest common factor of 515217311 and 147?
49
Calculate the greatest common divisor of 539551744 and 8.
8
What is the greatest common factor of 793240 and 203560?
280
What is the greatest common factor of 4031493 and 298?
149
Calculate the highest common factor of 21 and 419680905.
21
What is the greatest common divisor of 179299533 and 84?
21
What is the highest common factor of 345204411 and 3447?
1149
What is the greatest common divisor of 10 and 2260540050?
10
What is the highest common factor of 21315104 and 1984?
992
Calculate the greatest common factor of 57783365 and 607.
607
What is the greatest common divisor of 310 and 11209910?
310
Calculate the greatest common divisor of 3948783 and 12.
3
What is the highest common factor of 890529013 and 9251?
9251
Calculate the highest common factor of 77 and 2791845.
7
Calculate the greatest common factor of 19201063 and 15589.
917
Calculate the greatest common divisor of 2857002 and 4.
2
Calculate the greatest common factor of 19355 and 1832405.
395
Calculate the greatest common divisor of 608 and 2147.
19
What is the greatest common factor of 14672 and 114148?
4
Calculate the greatest common divisor of 42 and 166340160.
42
What is the highest common divisor of 1207 and 1235701253?
1207
Calculate the greatest common divisor of 11297664 and 24864.
672
Calculate the greatest common factor of 358435 and 143165.
1045
What is the greatest common factor of 1688 and 491108?
4
Calculate the highest common divisor of 3370446 and 1722.
246
Calculate the greatest common factor of 1442253968 and 16.
16
What is the greatest common divisor of 19299 and 117427982?
6433
Calculate the greatest common divisor of 60808 and 3036.
44
What is the greatest common divisor of 16541 and 80087?
119
Calculate the greatest common divisor of 10304 and 80890264.
1288
What is the highest common divisor of 1474660 and 440?
220
Calculate the highest common divisor of 7782071 and 5874.
979
Calculate the greatest common factor of 39706192 and 10040.
2008
Calculate the highest common divisor of 28220 and 5820790.
830
What is the highest common divisor of 7 and 3974964?
7
What is the greatest common factor of 698 and 53578829?
349
Calculate the greatest common factor of 2019232 and 352.
32
Calculate the greatest common divisor of 61124 and 44191.
413
What is the highest common factor of 2833184 and 68728?
568
What is the greatest common divisor of 2300941664 and 464?
464
Calculate the greatest common divisor of 2466 and 11646233.
137
Calculate the highest common divisor of 2926 and 3565254.
154
What is the highest common factor of 16124233 and 151?
151
Calculate the greatest common divisor of 296392 and 3816.
8
What is the greatest common divisor of 776 and 1279477336?
776
What is the greatest common divisor of 40410 and 4356?
18
What is the greatest common factor of 616 and 998155774?
154
Calculate the greatest common divisor of 3487024 and 282.
94
Calculate the greatest common divisor of 1103 and 33369059.
1103
What is the greatest common divisor of 1033 and 16122031?
1033
Calculate the greatest common factor of 176 and 16644100.
44
What is t